 = 532*u - 57120. Determine g(107).
-196
Let x(s) = -14*s**2 - 863*s - 469. Give x(-62).
-779
Let s(p) = 76727*p + 460435. Give s(-6).
73
Let m(a) = -a**3 + 22*a**2 + 46*a - 1306. Calculate m(22).
-294
Let t(w) = -w**2 - 136*w + 991. Determine t(7).
-10
Let b(d) = -94865*d - 4174063. Calculate b(-44).
-3
Let u(z) = -69*z**3 - 679*z**2 + 708*z - 29. Calculate u(1).
-69
Let y(s) = -40*s**2 + 235*s + 1015. Give y(-4).
-565
Let s(u) = -92*u**3 + 541*u**2 + 5*u - 38. Calculate s(6).
-404
Let o(c) = -767*c + 19520. What is o(24)?
1112
Let m(l) = -l**2 - 10*l - 661. Give m(-29).
-1212
Let m(u) = -3*u**3 + 263*u**2 - 144*u - 149. Give m(87).
2461
Let h(c) = 32*c + 6652. Calculate h(-133).
2396
Let s(p) = -52435*p + 52653. What is s(1)?
218
Let b(q) = -9586*q - 9970. What is b(-1)?
-384
Let s(g) = -g**3 + 72*g**2 + 16924*g + 870. Give s(171).
15
Let u(b) = 13753*b + 206304. Calculate u(-15).
9
Let l(t) = -3*t**3 + 375*t**2 + 419*t - 5357. What is l(126)?
-191
Let h(d) = d**3 + 136*d**2 + 1033*d + 1026. Calculate h(-128).
-126
Let k(s) = s**3 - 60*s**2 + 901*s - 1156. Determine k(23).
-6
Let y(m) = 9*m**3 + 142*m**2 + 525*m + 50. Determine y(-10).
0
Let d(b) = 3*b**2 + 344*b - 3083. What is d(9)?
256
Let q(w) = 2*w**3 + 88*w**2 - 115*w - 518. Give q(-45).
607
Let q(j) = -j**3 - 10*j**2 - 26*j - 108. Calculate q(-10).
152
Let g(r) = -379*r**2 + 3049*r + 58. What is g(8)?
194
Let v(i) = 1010*i - 57587. What is v(57)?
-17
Let t(m) = 13*m**2 - 331*m + 1858. Determine t(17).
-12
Let t(z) = 4*z**3 - 301*z**2 + 937*z - 200. Determine t(72).
-128
Let l(y) = -3*y**2 - 81*y - 1219. Calculate l(-20).
-799
Let f(l) = l**3 + 17*l**2 - 932*l - 13639. Calculate f(-14).
-3
Let p(a) = a**2 - 2373*a + 1149216. Give p(1695).
6
Let t(z) = 4*z**3 + 95*z**2 - 195*z - 1698. Calculate t(-25).
52
Let c(m) = -m**3 - 41*m**2 + 33890*m + 1389487. Give c(-41).
-3
Let z(q) = 15*q**2 + 85*q + 99. Determine z(-1).
29
Let k(s) = -3*s**3 - 763*s**2 + 14417*s + 164. What is k(-272)?
-108
Let k(z) = -z**2 - 88*z - 1682. Calculate k(-28).
-2
Let i(s) = 1899*s + 119439. What is i(-62)?
1701
Let x(u) = -42515*u + 2338374. What is x(55)?
49
Let s(d) = -15*d**2 + 15836*d - 63098. Calculate s(4).
6
Let s(k) = 20*k**3 + 3320*k**2 + 4*k + 765. Give s(-166).
101
Let n(a) = 9434*a - 1867928. What is n(198)?
4
Let m(q) = -35450*q + 425382. Calculate m(12).
-18
Let g(v) = 11769*v - 47069. What is g(4)?
7
Let s(z) = -z**2 - 11479*z - 354904. Give s(-31).
-16
Let p(t) = -13*t**2 + 24*t + 739. What is p(-11)?
-1098
Let q(l) = -l**3 - 15*l**2 - 292*l - 1714. Give q(-7).
-62
Let j(o) = -175*o - 185. Calculate j(-6).
865
Let w(u) = 15*u**2 + 145*u + 727. Give w(-6).
397
Let k(z) = -72*z**2 + 302*z - 22. Calculate k(4).
34
Let m(o) = -22*o**2 - 357*o - 85. Determine m(-16).
-5
Let y(f) = -2*f**3 + 190*f**2 - 2425*f + 230381. What is y(95)?
6
Let h(g) = 1405*g - 604377. Calculate h(430).
-227
Let g(y) = -269055*y - 28519822. What is g(-106)?
8
Let b(g) = -31*g**2 + 608*g - 677. What is b(18)?
223
Let m(p) = -p**3 - 61*p**2 - 891*p - 2087. Determine m(-18).
19
Let j(d) = d**3 - 40*d**2 + 93*d - 3778. What is j(40)?
-58
Let v(b) = 56*b**3 + 5*b**2 + 330*b - 999. Determine v(3).
1548
Let q(m) = -38*m**2 - 11*m + 576. What is q(-4)?
12
Let y(r) = -18*r**2 - 111*r - 119. What is y(-7)?
-224
Let q(f) = -2*f**2 + 274*f - 792. Calculate q(136).
-520
Let j(x) = -4259*x - 1205293. Give j(-283).
4
Let j(d) = 201294*d - 4629783. Give j(23).
-21
Let r(k) = 232*k**2 + 943*k + 67. What is r(-4)?
7
Let y(h) = h**2 + 73454*h - 1542979. Calculate y(21).
-4
Let s(y) = y**2 + 1263*y + 63157. Calculate s(-52).
185
Let q(a) = 9246*a - 249229. Give q(27).
413
Let h(x) = -7*x**2 + 377*x - 3537. Give h(12).
-21
Let w(c) = -131*c**2 + 705*c - 101. Calculate w(5).
149
Let q(g) = -g**3 - 54*g**2 + 1234*g + 49267. Give q(-61).
40
Let l(r) = 336*r - 2645. Give l(8).
43
Let c(z) = -22*z**2 + 2339*z - 19274. What is c(9)?
-5
Let t(d) = -632443*d - 2529769. What is t(-4)?
3
Let q(o) = -2586*o - 356879. What is q(-138)?
-11
Let u(x) = 10*x**3 + 13*x**2 + 998*x + 3966. What is u(-4)?
-458
Let n(b) = -247*b - 1933. Calculate n(-4).
-945
Let g(d) = 109*d**2 + 423*d + 347. Determine g(-2).
-63
Let a(f) = 48*f**2 + 5677*f - 4164. Determine a(-119).
1
Let q(d) = -d**3 + 37*d**2 - 459*d + 6570. Calculate q(29).
-13
Let f(u) = u**3 + 15*u**2 + 372*u - 2354. Calculate f(5).
6
Let w(m) = -7*m**3 - 30*m**2 - 2029*m - 10192. What is w(-5)?
78
Let z(i) = -3709*i + 426496. Determine z(115).
-39
Let t(j) = -j**2 - 24209*j + 193737. Calculate t(8).
1
Let l(j) = 20*j**3 - 266*j**2 - 1070*j + 8. Calculate l(-4).
-1248
Let n(l) = 261*l - 7018. Determine n(27).
29
Let q(k) = 25*k**2 + 6485*k + 12977. What is q(-2)?
107
Let u(p) = 3*p**3 + 126*p**2 - 101*p + 742. Determine u(-43).
-462
Let g(y) = -61004*y - 9455641. Calculate g(-155).
-21
Let b(k) = k**2 - 1305*k - 14550. Determine b(-11).
-74
Let x(p) = -p**3 - 105*p**2 + 221*p + 471. Determine x(-107).
-278
Let y(q) = -37*q**2 + 433*q - 921. Give y(3).
45
Let h(z) = z**3 - 14*z**2 - 1467*z + 4. Calculate h(-32).
-156
Let h(f) = 3*f**3 - f**2 + 341*f + 1994. What is h(-6)?
-736
Let g(a) = 1838*a - 82843. Determine g(45).
-133
Let i(w) = -1079310*w**2 + 12951718*w + 21. What is i(12)?
-3
Let i(u) = -79499*u - 8029409. Determine i(-101).
-10
Let u(q) = 26269*q - 525343. What is u(20)?
37
Let i(r) = -r**3 + 635*r**2 - 907*r - 720. Determine i(2).
-2
Let i(h) = 4908*h - 63831. What is i(13)?
-27
Let s(u) = 1640*u**2 + 2097562*u + 2543. What is s(-1279)?
-15
Let y(w) = -16036*w + 737650. Calculate y(46).
-6
Let n(y) = y**2 - 115*y - 7209. Give n(160).
-9
Let f(k) = 16*k**2 - 1858*k + 111. Calculate f(116).
-121
Let x(r) = 1314*r - 18321. Determine x(13).
-1239
Let t(a) = 2*a**2 + 119*a + 1572. Give t(-35).
-143
Let z(p) = p**2 + 2800*p - 374760. Give z(128).
24
Let h(s) = -3*s**3 + 2*s**2 - 17*s + 96. What is h(3)?
-18
Let p(b) = -3*b**3 - 968*b**2 - 1556*b + 15742. What is p(-321)?
13
Let z(k) = k**3 - 34*k**2 + 387*k - 10349. What is z(32)?
-13
Let x(f) = 115*f + 5092. Calculate x(-45).
-83
Let c(a) = 4*a**2 + 393*a + 5100. Give c(-83).
37
Let n(k) = 5031*k + 4995810. Give n(-993).
27
Let o(g) = g**3 + 22*g**2 + 1965*g + 39421. What is o(-20)?
921
Let p(d) = -13779*d - 76. What is p(0)?
-76
Let v(s) = -4*s**2 - 189*s + 45556. Determine v(-133).
-63
Let g(z) = -942*z - 9599. Determine g(-6).
-3947
Let t(m) = 1007*m - 479330. What is t(476)?
2
Let h(p) = -53*p**3 - 261*p**2 + 12*p + 18. Determine h(-5).
58
Let b(d) = 14083*d - 1718115. Give b(122).
11
Let w(n) = 66*n**2 - 779*n - 4437. What is w(16)?
-5
Let l(j) = -5676*j + 459624. Give l(81).
-132
Let y(k) = -k**3 + 127*k**2 + 1680*k - 198654. Give y(128).
2
Let d(p) = -8*p**2 - 943*p - 13636. Calculate d(-101).
-1
Let o(s) = 940095*s - 23502378. Determine o(25).
-3
Let j(a) = -a**3 - 12*a**2 + 454*a + 1253. What is j(-27)?
-70
Let m(l) = 2*l**2 - 196*l - 1798. Calculate m(-9).
128
Let w(j) = -1519*j + 7484. Calculate w(5).
-111
Let t(d) = d**3 + 7765*d**2 - 46626*d + 8. Calculate t(6).
8
Let j(d) = -2085*d - 179311. Calculate j(-86).
-1
Let b(k) = -4326*k + 376353. What is b(87)?
-9
Let v(j) = j**3 - 189*j**2 + 1205*j - 19577. Determine v(183).
4
Let c(s) = -3*s**3 - 98*s**2 - 572*s + 83. Determine c(-25).
8
Let y(n) = 6*n**3 - 527*n**2 - 646*n + 2273. Give y(89).
226
Let f(a) = 6*a**2 - 39*a + 385. Give f(14).
1015
Let r(a) = 2724*a + 13503. What is r(-5)?
-117
Let z(j) = j**3 + 24*j**2 + 302*j + 4920. Determine z(-21).
-99
Let t(f) = 119*f - 4658. Calculate t(35).
-493
Let u(m) = -m**3 - 1331*m**2 - 18311*m + 167250. Calculate u(-1317).
-9
Let c(o) = -1297*o - 507173. Determine c(-391).
-46
Let n(v) = 12*v**2 - 117*v - 253. Determine n(11).
-88
Let l(o) = 6269*o - 3697. What is l(1)?
2572
Let n(r) = 4*r**2 + 116*r - 2601. Determine n(15).
39
Let s(l) = -l**3 + 545*l**2 - 30368*l + 131. What is s(63)?
5
Let d(h) = -h**3 + 247*h**2 + 356*h - 26864. Determine d(248).
-80
Let l(w) = w**3 + 132*w**2 - 2683*w - 295. Determine l(18).
11
Let u(a) = a**2 - 16182*a + 887005. Calculate u(55).
20
Let i(q) = 6*q**3 + 284*q**2 + 3038*q + 8. Calculate i(-31).
8
Let z(n) = n**3 + 51*n**2 + 478*n - 42. Calculate z(0).
-42
Let b(h) = -87616*h + 2803701. Calculate b(32).
-11
